composite number?
False
Is 81761 prime?
True
Is 14961 composite?
True
Is 7729 a composite number?
True
Is 3635 a composite number?
True
Is 1459 a composite number?
False
Is 53951 a composite number?
False
Is 1901 composite?
False
Is 87415 a composite number?
True
Is 637243 a composite number?
False
Is 348703 composite?
True
Is 23599 a composite number?
False
Is 494049 a composite number?
True
Is 124307 a composite number?
True
Is 64373 prime?
True
Is 645233 prime?
True
Is 2669 a prime number?
False
Is 6898 composite?
True
Is 16823 prime?
True
Is 92033 a prime number?
True
Is 14471 prime?
False
Is 259 a composite number?
True
Is 11533 composite?
True
Is 2939 a prime number?
True
Is 5053 composite?
True
Is 121379 composite?
False
Is 260335 prime?
False
Is 43943 a prime number?
True
Is 248485 composite?
True
Is 51043 prime?
True
Is 55327 a composite number?
True
Is 43391 a prime number?
True
Is 5213 a prime number?
False
Is 32762 prime?
False
Is 9587 a composite number?
False
Is 91759 prime?
False
Is 86161 a composite number?
False
Is 661361 a prime number?
True
Is 37747 prime?
True
Is 28957 composite?
True
Is 5561 composite?
True
Is 203419 composite?
False
Is 1415819 a prime number?
True
Is 15959 a prime number?
True
Is 22229 composite?
False
Is 18539 a composite number?
False
Is 3665 prime?
False
Is 97385 a composite number?
True
Is 352591 a composite number?
True
Is 8254 a prime number?
False
Is 108089 composite?
False
Is 8513 prime?
True
Is 16547 composite?
False
Is 23703 a prime number?
False
Is 920713 a composite number?
True
Is 24029 a prime number?
True
Is 15787 prime?
True
Is 575957 prime?
True
Is 106823 a prime number?
True
Is 652871 composite?
False
Is 81793 a prime number?
False
Is 709309 a prime number?
False
Is 201883 composite?
True
Is 22051 a composite number?
False
Is 6737 a prime number?
True
Is 3987727 a prime number?
True
Is 769 prime?
True
Is 41291 a composite number?
True
Is 94407 composite?
True
Is 103549 a prime number?
True
Is 8219 a prime number?
True
Is 281555 a composite number?
True
Is 371737 composite?
False
Is 19099 prime?
False
Is 60313 a composite number?
True
Is 225341 a composite number?
False
Is 1787557 prime?
True
Is 5311 a composite number?
True
Is 1480711 composite?
True
Is 1498441 a composite number?
True
Is 507385 a composite number?
True
Is 21377 a prime number?
True
Is 52945 composite?
True
Is 191899 a prime number?
True
Is 7039 a composite number?
False
Is 975797 prime?
True
Is 3566 a prime number?
False
Is 1923 composite?
True
Is 218593 composite?
True
Is 6521 composite?
False
Is 232469 prime?
False
Is 1277 prime?
True
Is 54869 prime?
True
Is 4049 a composite number?
False
Is 29221 prime?
True
Is 2337949 composite?
False
Is 57721 a prime number?
False
Is 2481 composite?
True
Is 1125151 a composite number?
False
Is 500029 prime?
True
Is 817889 prime?
True
Is 18449 a composite number?
True
Is 18805 prime?
False
Is 53951 composite?
False
Is 1249 a prime number?
True
Is 71605 composite?
True
Is 75281 composite?
True
Is 19697 prime?
True
Is 1543 prime?
True
Is 31219 a composite number?
False
Is 774427 a prime number?
True
Is 416797 a prime number?
True
Is 565133 prime?
False
Is 419593 a composite number?
True
Is 79 a composite number?
False
Is 89189 a composite number?
False
Is 683402 a prime number?
False
Is 19289 composite?
False
Is 383093 composite?
True
Is 3647 a composite number?
True
Is 211 prime?
True
Is 42481 composite?
True
Is 720653 a prime number?
True
Is 526561 prime?
False
Is 1522939 prime?
False
Is 1991 composite?
True
Is 131023 composite?
False
Is 15053 a composite number?
False
Is 3943 a prime number?
True
Is 28327 composite?
True
Is 324799 composite?
False
Is 6803 a prime number?
True
Is 10895 prime?
False
Is 21467 prime?
True
Is 30769 composite?
True
Is 1583459 composite?
False
Is 37171 a prime number?
True
Is 122651 a composite number?
False
Is 19661 a composite number?
False
Is 815305 prime?
False
Is 47249 prime?
False
Is 25241 composite?
True
Is 19693 a composite number?
True
Is 5287 a prime number?
False
Is 2609 a composite number?
False
Is 14797 prime?
True
Is 139027 a composite number?
True
Is 73001 a prime number?
False
Is 48109 a composite number?
False
Is 6245 a prime number?
False
Is 86399 a prime number?
True
Is 25743 a composite number?
True
Is 2699693 a composite number?
True
Is 50279 prime?
False
Is 31357 composite?
False
Is 2429 a prime number?
False
Is 6947 a prime number?
True
Is 16811 a composite number?
False
Is 42991 a composite number?
True
Is 22241 a composite number?
True
Is 597349 a composite number?
False
Is 1516747 prime?
False
Is 637847 prime?
False
Is 276157 prime?
False
Is 3787 prime?
False
Is 359641 composite?
False
Is 44491 a prime number?
True
Is 70871 a prime number?
False
Is 13033 composite?
False
Is 1129541 composite?
True
Is 81623 a prime number?
False
Is 100718 prime?
False
Is 130957 a prime number?
True
Is 56141 composite?
True
Is 8999 prime?
True
Is 64109 a prime number?
True
Is 57401 a prime number?
False
Is 46381 a prime number?
True
Is 307 a composite number?
False
Is 310477 prime?
False
Is 14591 prime?
True
Is 2577 a prime number?
False
Is 104813 a prime number?
False
Is 10661 prime?
False
Is 177731 a composite number?
True
Is 13235 a prime number?
False
Is 2897 prime?
True
Is 3239 composite?
True
Is 258689 a prime number?
False
Is 16945 a composite number?
True
Is 18391 a composite number?
True
Is 98207 a prime number?
True
Is 29789 composite?
False
Is 187337 a composite number?
False
Is 3407 prime?
True
Is 241019 prime?
False
Is 29101 prime?
True
Is 110023 a composite number?
False
Is 7405 a prime number?
False
Is 19549 prime?
False
Is 18101 a prime number?
False
Is 62969 composite?
False
Is 3261 prime?
False
Is 43177 composite?
False
Is 21391 a composite number?
False
Is 9923 prime?
True
Is 9677 composite?
False
Is 2315 a composite number?
True
Is 11827 prime?
True
Is 324289 a composite number?
True
Is 314841 a prime number?
False
Is 176261 a composite number?
False
Is 46783 prime?
False
Is 18129 a composite number?
True
Is 6187 a prime number?
False
Is 851537 a prime number?
True
Is 80893 a prime number?
False
Is 38139 a composite number?
True
Is 51629 a composite number?
True
Is 126103 composite?
True
Is 81397 a prime number?
False
Is 448993 a prime number?
True
Is 2039 a prime number?
True
Is 1667821 a prime number?
True
Is 238543 composite?
True
Is 7142 a composite number?
True
Is 31523 a prime number?
False
Is 1707 a composite number?
True
Is 74353 prime?
True
Is 2302 prime?
False
Is 10817 prime?
False
Is 40771 a prime number?
True
Is 55222 prime?
False
Is 5189 a composite number?
False
Is 9611 composite?
True
Is 10967 prime?
False
Is 198547 composite?
True
Is 159823 a prime number?
False
Is 50017 composite?
True
Is 2231 a prime number?
False
Is 118661 composite?
False
Is 3967 composite?
False
Is 44771 prime?
True
Is 14923 a prime number?
True
Is 43117 a prime number?
True
Is 1757 composite?
True
Is 56411 a composite number?
True
Is 20621 composite?
True
Is 789385 a composite number?
True
Is 674357 prime?
True
Is 619141 composite?
True
Is 1399 a composite number?
False
Is 10081 composite?
True
Is 11003 composite?
False
Is 2305 a prime number?
False
Is 21083 prime?
False
Is 6179 composite?
True
Is 42707 composite?
True
Is 232741 composite?
False
Is 1069271 prime?
False
Is 57763 a composite number?
True
Is 3487 a prime number?
False
Is 1334191 prime?
False
Is 2767 a prime number?
True
Is 168694 a prime number?
False
Is 368981 a composite number?
True
Is 13043 prime?
True
Is 7043 composite?
False
Is 21961 prime?
True
Is 86311 a prime number?
True
Is 14815 a composite number?
True
Is 4177 a prime number?
True
Is 22367 a prime number?
True
Is 38167 a prime number?
True
Is 5723 composite?
True
Is 3109 composite?
False
Is 339763 a prime number?
False
Is 420951 composite?
True
Is 123479 a prime number?
True
Is 23159 prime?
True
Is 10061 a composite number?
False
Is 53765 prime?
False
Is 236749 composite?
False
Is 187417 composite?
False
Is 179969 prime?
True
Is 23979 a composite number?
True
Is 44049 a composite number?
True
Is 1115 a prime number?
False
Is 46285 a prime number?
False
Is 2329 a prime number?
False
Is 8923 prime?
True
Is 10039